?
True
Is 59 a factor of 44237?
False
Is 117 a factor of 3978?
True
Is 328 a multiple of 9?
False
Is 21 a factor of 13267?
False
Does 8 divide 1112?
True
Does 25 divide 13900?
True
Is 1376 a multiple of 43?
True
Does 19 divide 16182?
False
Does 8 divide 2792?
True
Is 15 a factor of 21210?
True
Is 15 a factor of 678?
False
Is 9776 a multiple of 12?
False
Does 77 divide 1355?
False
Is 6 a factor of 953?
False
Does 5 divide 1701?
False
Does 12 divide 389?
False
Does 10 divide 1420?
True
Is 112227 a multiple of 48?
False
Is 29760 a multiple of 8?
True
Is 328 a multiple of 6?
False
Is 403 a multiple of 15?
False
Does 3 divide 122?
False
Is 432 a multiple of 27?
True
Does 11 divide 2288?
True
Is 8569 a multiple of 49?
False
Is 11 a factor of 352?
True
Does 48 divide 1152?
True
Does 9 divide 36468?
True
Does 9 divide 198?
True
Is 170 a factor of 18265?
False
Does 19 divide 1473?
False
Is 32 a factor of 2016?
True
Is 8 a factor of 825?
False
Is 66 a factor of 594?
True
Does 8 divide 1128?
True
Is 25 a factor of 6625?
True
Is 21 a factor of 5350?
False
Does 15 divide 660?
True
Is 57344 a multiple of 32?
True
Does 4 divide 3844?
True
Is 33984 a multiple of 72?
True
Is 53 a factor of 1431?
True
Is 161 a multiple of 7?
True
Is 87232 a multiple of 32?
True
Does 34 divide 3155?
False
Is 10523 a multiple of 123?
False
Is 35 a factor of 1203?
False
Does 28 divide 336?
True
Does 5 divide 438?
False
Does 50 divide 5000?
True
Is 8 a factor of 18?
False
Does 3 divide 1048?
False
Is 769 a multiple of 17?
False
Does 9 divide 387?
True
Is 22 a factor of 732?
False
Does 26 divide 3194?
False
Is 52 a factor of 124525?
False
Is 22 a factor of 23?
False
Is 27202 a multiple of 129?
False
Is 16 a factor of 4267?
False
Is 13 a factor of 741?
True
Is 24 a factor of 13184?
False
Is 306 a multiple of 34?
True
Does 55 divide 117150?
True
Is 10 a factor of 26620?
True
Does 35 divide 1645?
True
Does 55 divide 330?
True
Is 45699 a multiple of 79?
False
Does 8 divide 1348?
False
Is 9911 a multiple of 23?
False
Is 462 a multiple of 77?
True
Is 2272 a multiple of 71?
True
Is 72 a factor of 9608?
False
Does 45 divide 2003?
False
Does 12 divide 3854?
False
Is 396 a multiple of 18?
True
Does 8 divide 74?
False
Does 13 divide 1300?
True
Does 13 divide 120?
False
Is 8 a factor of 46?
False
Is 12099 a multiple of 37?
True
Does 6 divide 30720?
True
Does 26 divide 33566?
True
Does 18 divide 10191?
False
Is 15 a factor of 642?
False
Is 562 a multiple of 20?
False
Is 601 a multiple of 16?
False
Is 54 a factor of 1450?
False
Is 91764 a multiple of 118?
False
Is 82356 a multiple of 12?
True
Is 3620 a multiple of 3?
False
Is 26 a factor of 4306?
False
Is 43 a multiple of 3?
False
Is 568 a multiple of 142?
True
Is 18 a factor of 7218?
True
Is 17 a factor of 856?
False
Is 14362 a multiple of 86?
True
Does 37 divide 37?
True
Is 666 a multiple of 6?
True
Does 12 divide 564?
True
Is 21300 a multiple of 30?
True
Is 241 a multiple of 13?
False
Is 4 a factor of 1876?
True
Does 155 divide 6820?
True
Is 14 a factor of 8654?
False
Is 60 a multiple of 5?
True
Does 68 divide 2992?
True
Is 17 a factor of 578?
True
Does 33 divide 3630?
True
Does 126 divide 16678?
False
Is 737 a multiple of 13?
False
Is 132 a factor of 6336?
True
Is 272 a multiple of 16?
True
Is 12740 a multiple of 7?
True
Does 8 divide 75?
False
Is 539 a multiple of 30?
False
Is 117 a factor of 14569?
False
Is 22 a factor of 4092?
True
Is 8 a factor of 356?
False
Is 47 a factor of 141?
True
Is 9108 a multiple of 92?
True
Is 3638 a multiple of 34?
True
Is 14 a factor of 5349?
False
Is 1452 a multiple of 22?
True
Does 14 divide 1848?
True
Does 4 divide 604?
True
Does 17 divide 442?
True
Does 89 divide 29343?
False
Is 5 a factor of 1615?
True
Is 18 a factor of 1512?
True
Is 567 a multiple of 12?
False
Does 54 divide 14850?
True
Does 57 divide 686?
False
Is 67 a factor of 776?
False
Is 44218 a multiple of 10?
False
Does 21 divide 6909?
True
Is 6 a factor of 2937?
False
Does 17 divide 856?
False
Is 1200 a multiple of 11?
False
Does 40 divide 6552?
False
Does 12 divide 372?
True
Does 61 divide 32690?
False
Is 4 a factor of 488?
True
Is 2226 a multiple of 8?
False
Is 702 a multiple of 18?
True
Does 30 divide 2400?
True
Is 2835 a multiple of 60?
False
Is 51156 a multiple of 196?
True
Is 344 a multiple of 43?
True
Is 242 a multiple of 22?
True
Is 48 a factor of 44881?
False
Is 4 a factor of 2291?
False
Is 29 a factor of 6061?
True
Does 22 divide 220?
True
Is 10207 a multiple of 59?
True
Is 18 a factor of 41652?
True
Is 10 a factor of 1436?
False
Is 6 a factor of 384?
True
Does 24 divide 88?
False
Is 28 a factor of 1428?
True
Is 20 a factor of 2920?
True
Does 56 divide 6695?
False
Is 84 a factor of 1605?
False
Is 6 a factor of 3699?
False
Does 16 divide 2456?
False
Is 34468 a multiple of 49?
False
Is 11 a factor of 352?
True
Is 6 a factor of 26100?
True
Does 56 divide 36232?
True
Is 1811 a multiple of 118?
False
Does 11 divide 2827?
True
Does 80 divide 23440?
True
Is 24464 a multiple of 40?
False
Is 17368 a multiple of 43?
False
Is 5320 a multiple of 76?
True
Does 2 divide 424?
True
Does 21 divide 259?
False
Does 2 divide 858?
True
Is 54 a factor of 4711?
False
Does 62 divide 205?
False
Is 82512 a multiple of 90?
False
Does 32 divide 604?
False
Is 4902 a multiple of 25?
False
Does 10 divide 783?
False
Is 935 a multiple of 55?
True
Is 90 a factor of 16712?
False
Is 89 a factor of 2581?
True
Is 7076 a multiple of 16?
False
Does 4 divide 1816?
True
Is 910 a multiple of 13?
True
Is 2280 a multiple of 24?
True
Is 22 a factor of 374?
True
Is 99 a multiple of 3?
True
Is 13 a factor of 1522?
False
Is 35 a factor of 1155?
True
Is 18 a factor of 1929?
False
Is 26 a multiple of 3?
False
Is 384 a multiple of 33?
False
Is 10952 a multiple of 8?
True
Is 25 a factor of 374?
False
Does 4 divide 6432?
True
Does 31 divide 14136?
True
Does 34 divide 8500?
True
Is 9 a factor of 8230?
False
Is 17834 a multiple of 94?
False
Is 5 a factor of 2190?
True
Does 6 divide 1708?
False
Is 170800 a multiple of 112?
True
Does 18 divide 52636?
False
Is 7 a factor of 2824?
False
Is 26946 a multiple of 54?
True
Is 332 a multiple of 4?
True
Does 212 divide 28832?
True
Does 118 divide 2714?
True
Does 47 divide 13326?
False
Does 27 divide 432?
True
Is 18 a factor of 48?
False
Is 192 a multiple of 8?
True
Does 8 divide 2608?
True
Is 34 a factor of 8642?
False
Is 85 a factor of 27795?
True
Is 652 a multiple of 10?
False
Is 3363 a multiple of 6?
False
Is 33027 a multiple of 109?
True
Does 19 divide 13072?
True
Is 1473 a multiple of 14?
False
Is 328 a multiple of 13?
False
Is 13 a factor of 486?
False
Does 9 divide 11925?
True
Is 636 a multiple of 53?
True
Does 3 divide 446?
False
Is 122470 a multiple of 37?
True
Does 30 divide 199?
False
Is 11 a factor of 8338?
True
Does 45 divide 900?
True
Does 12 divide 132?
True
Is 29 a factor of 17421?
False
Is 3 a factor of 474?
True
Is 2831 a multiple of 31?
False
Is 16392 a multiple of 4?
True
Is 67854 a multiple of 129?
True
Does 62 divide 2046?
True
Is 195 a factor of 57322?
False
Does 120 divide 57608?
False
Is 4 a factor of 460?
True
Is 4970 a multiple of 14?
True
Is 82 a factor of 2050?
True
Is 2843 a multiple of 15?
False
Does 16 divide 12992?
True
Does 71 divide 81863?
True
Does 171 divide 61279?
False
Is 160 a factor of 13920?
True
Does 28 divide 1268?
False
Does 3 divide 2323?
False
Is 245 a multiple of 57?
False
Is 110 a factor of 3300?
True
Is 60288 a multiple of 128?
True
Does 97 divide 34978?
False
Is 267 a multiple of 28?
False
Is 53 a factor of 1961?
True
Is 273 a factor of 9282?
True
Does 62 divide 8990?
True
Does 12 divide 1392?
True
Is 146 a multiple of 8?
False
Is 94 a multiple of 45?
False
Does 214 divide 43540?
False
Is 13 a factor of 581?
False
Does 91 divide 72800?
True
Does 4 divide 12688?
True
Is 2294 a multiple of 37?
True
Is 5 a factor of 175?
True
Is 79 a multiple of 7?
False
Is 10 a factor of 370?
True
Does 63 divide 38440?
False
Does 11 divide 2068?
True
Is 14 a factor of 37576?
True
Does 45 divide 1755?
True
Is 667 a multiple of 13?
False
Does 15 divide 4350?
True
Is 120724 a multiple of 27?
False
Does 8 divide 3752?
True
Is 1764 a multiple of 42?
True
Is 6 a factor of 4872?
True
Does 13 divide 16329?
False
Is 9 a fact